{"id":1950,"date":"2025-12-11T15:58:56","date_gmt":"2025-12-11T19:58:56","guid":{"rendered":"https:\/\/new.nowdevenezuela.com\/?post_type=product&#038;p=1950"},"modified":"2025-12-11T15:59:02","modified_gmt":"2025-12-11T19:59:02","slug":"dha-kids-aceite-de-pescado-60-capsulas-masticables","status":"publish","type":"product","link":"https:\/\/new.nowdevenezuela.com\/index.php\/product\/dha-kids-aceite-de-pescado-60-capsulas-masticables\/","title":{"rendered":"DHA Kids (Aceite de pescado) 60 c\u00e1psulas masticables"},"content":{"rendered":"<p><strong>Presentaci\u00f3n:<\/strong><\/p>\n<p>&#8211;\u00a0 Aceite de pescado en capsulas masticables. 60 capsulas masticables.<\/p>\n<p><strong>Modo de Uso:<\/strong><\/p>\n<p>&#8211;\u00a0 Para ni\u00f1os y adultos, tome 2 c\u00e1psulas blandas masticables 1 o 2 veces al d\u00eda con alimentos o seg\u00fan las indicaciones de su m\u00e9dico.<\/p>\n<p>&nbsp;<\/p>\n","protected":false},"excerpt":{"rendered":"<p><span style=\"font-weight: 400\">&#8211;\u00a0 Estudios respaldan muestran que el consumo de \u00e1cidos grasos omega-3 EPA y DHA puede reducir el riesgo de enfermedad coronaria.<\/span><\/p>\n<p><span style=\"font-weight: 400\">Este concentrado de aceite de pescado se fabrica bajo estrictos est\u00e1ndares de control de calidad. Se ha probado que est\u00e1 libre de niveles potencialmente da\u00f1inos de contaminantes como PCB, dioxinas, mercurio y otros metales pesados.<\/span><\/p>\n<p><span style=\"font-weight: 400\">Formulado con una mezcla de ingredientes vegetales de alta calidad y ricos en nutrientes, suave champ\u00fa y gel de ba\u00f1o para beb\u00e9s ayuda a limpiar a fondo a su beb\u00e9 sin ingredientes agresivos ni resecantes.<\/span><\/p>\n<p><span style=\"font-weight: 400\">Limpia suavemente con las propiedades calmantes de los extractos de cal\u00e9ndula y manzanilla para que no quede nada m\u00e1s que piel y cabello suaves y limpios.<\/span><\/p>\n","protected":false},"featured_media":1345,"comment_status":"closed","ping_status":"closed","template":"","meta":[],"product_brand":[],"product_cat":[86],"product_tag":[],"class_list":{"0":"post-1950","1":"product","2":"type-product","3":"status-publish","4":"has-post-thumbnail","6":"product_cat-now-kids","8":"first","9":"instock","10":"shipping-taxable","11":"purchasable","12":"product-type-simple"},"_links":{"self":[{"href":"https:\/\/new.nowdevenezuela.com\/index.php\/wp-json\/wp\/v2\/product\/1950","targetHints":{"allow":["GET"]}}],"collection":[{"href":"https:\/\/new.nowdevenezuela.com\/index.php\/wp-json\/wp\/v2\/product"}],"about":[{"href":"https:\/\/new.nowdevenezuela.com\/index.php\/wp-json\/wp\/v2\/types\/product"}],"replies":[{"embeddable":true,"href":"https:\/\/new.nowdevenezuela.com\/index.php\/wp-json\/wp\/v2\/comments?post=1950"}],"wp:featuredmedia":[{"embeddable":true,"href":"https:\/\/new.nowdevenezuela.com\/index.php\/wp-json\/wp\/v2\/media\/1345"}],"wp:attachment":[{"href":"https:\/\/new.nowdevenezuela.com\/index.php\/wp-json\/wp\/v2\/media?parent=1950"}],"wp:term":[{"taxonomy":"product_brand","embeddable":true,"href":"https:\/\/new.nowdevenezuela.com\/index.php\/wp-json\/wp\/v2\/product_brand?post=1950"},{"taxonomy":"product_cat","embeddable":true,"href":"https:\/\/new.nowdevenezuela.com\/index.php\/wp-json\/wp\/v2\/product_cat?post=1950"},{"taxonomy":"product_tag","embeddable":true,"href":"https:\/\/new.nowdevenezuela.com\/index.php\/wp-json\/wp\/v2\/product_tag?post=1950"}],"curies":[{"name":"wp","href":"https:\/\/api.w.org\/{rel}","templated":true}]}}