{"id":1848,"date":"2025-12-11T15:58:26","date_gmt":"2025-12-11T19:58:26","guid":{"rendered":"https:\/\/new.nowdevenezuela.com\/?post_type=product&#038;p=1848"},"modified":"2025-12-11T15:58:30","modified_gmt":"2025-12-11T19:58:30","slug":"magtein-l-treonato-de-magnesio","status":"publish","type":"product","link":"https:\/\/new.nowdevenezuela.com\/index.php\/product\/magtein-l-treonato-de-magnesio\/","title":{"rendered":"Magtein\u00ae (L-treonato de magnesio)"},"content":{"rendered":"<p><strong>Presentaci\u00f3n:<\/strong><\/p>\n<p>&#8211;\u00a0 Envase de 90 capsulas vegetales.<\/p>\n<p><strong>Modo de uso:<\/strong><\/p>\n<p>&#8211;\u00a0 Tome 3 c\u00e1psulas al d\u00eda en dosis divididas (tome 1 c\u00e1psula por la ma\u00f1ana y tome 2 c\u00e1psulas dos horas antes de dormir).<\/p>\n","protected":false},"excerpt":{"rendered":"<p>&#8216;-\u00a0 Magtein\u00ae es una forma patentada de L-treonato de magnesio que cruza f\u00e1cilmente la barrera hematoencef\u00e1lica para su utilizaci\u00f3n en el cerebro.<\/p>\n<p>&#8211;\u00a0 Los estudios de laboratorio indican que apoya la salud del cerebro y puede facilitar el aprendizaje y la memoria, as\u00ed como un estado de \u00e1nimo relajado y la estabilidad de las sinapsis neuronales.<\/p>\n","protected":false},"featured_media":1036,"comment_status":"open","ping_status":"closed","template":"","meta":[],"product_brand":[],"product_cat":[30],"product_tag":[],"class_list":{"0":"post-1848","1":"product","2":"type-product","3":"status-publish","4":"has-post-thumbnail","6":"product_cat-especialidades","8":"first","9":"instock","10":"shipping-taxable","11":"purchasable","12":"product-type-simple"},"_links":{"self":[{"href":"https:\/\/new.nowdevenezuela.com\/index.php\/wp-json\/wp\/v2\/product\/1848","targetHints":{"allow":["GET"]}}],"collection":[{"href":"https:\/\/new.nowdevenezuela.com\/index.php\/wp-json\/wp\/v2\/product"}],"about":[{"href":"https:\/\/new.nowdevenezuela.com\/index.php\/wp-json\/wp\/v2\/types\/product"}],"replies":[{"embeddable":true,"href":"https:\/\/new.nowdevenezuela.com\/index.php\/wp-json\/wp\/v2\/comments?post=1848"}],"wp:featuredmedia":[{"embeddable":true,"href":"https:\/\/new.nowdevenezuela.com\/index.php\/wp-json\/wp\/v2\/media\/1036"}],"wp:attachment":[{"href":"https:\/\/new.nowdevenezuela.com\/index.php\/wp-json\/wp\/v2\/media?parent=1848"}],"wp:term":[{"taxonomy":"product_brand","embeddable":true,"href":"https:\/\/new.nowdevenezuela.com\/index.php\/wp-json\/wp\/v2\/product_brand?post=1848"},{"taxonomy":"product_cat","embeddable":true,"href":"https:\/\/new.nowdevenezuela.com\/index.php\/wp-json\/wp\/v2\/product_cat?post=1848"},{"taxonomy":"product_tag","embeddable":true,"href":"https:\/\/new.nowdevenezuela.com\/index.php\/wp-json\/wp\/v2\/product_tag?post=1848"}],"curies":[{"name":"wp","href":"https:\/\/api.w.org\/{rel}","templated":true}]}}