{"id":1838,"date":"2025-12-11T15:58:24","date_gmt":"2025-12-11T19:58:24","guid":{"rendered":"https:\/\/new.nowdevenezuela.com\/?post_type=product&#038;p=1838"},"modified":"2025-12-11T15:58:28","modified_gmt":"2025-12-11T19:58:28","slug":"l-lisina-1000mg-100-tabletas","status":"publish","type":"product","link":"https:\/\/new.nowdevenezuela.com\/index.php\/product\/l-lisina-1000mg-100-tabletas\/","title":{"rendered":"L-Lisina 1000mg 100 tabletas"},"content":{"rendered":"<p><strong>Presentaci\u00f3n:<\/strong><\/p>\n<p>&#8211;\u00a0 Envase de 100 tabletas de 1000 mg.<\/p>\n<p><strong>Modo de uso:<\/strong><\/p>\n<p>&#8211;\u00a0 Tome 1 tableta 1 a 2 veces al d\u00eda.<\/p>\n<p>&#8211;\u00a0 Conservar en un lugar fresco y seco despu\u00e9s de abrir.<\/p>\n","protected":false},"excerpt":{"rendered":"<p>&#8216;-\u00a0 La lisina es un amino\u00e1cido esencial que debe obtenerse a trav\u00e9s de la dieta o mediante suplementos, es necesaria para la producci\u00f3n de todas las prote\u00ednas del cuerpo y se requiere para el mantenimiento de las prote\u00ednas estructurales col\u00e1geno y elastina, que forman todos los tejidos conectivos como la piel, los tendones y los huesos.<\/p>\n<p>&#8211;\u00a0 Tambi\u00e9n es un precursor de la carnitina, que se necesita para el metabolismo de las grasas y la producci\u00f3n de energ\u00eda. Adem\u00e1s, la lisina puede ayudar a respaldar un sistema inmunitario saludable y una funci\u00f3n cardiovascular adecuada.<\/p>\n","protected":false},"featured_media":1006,"comment_status":"open","ping_status":"closed","template":"","meta":[],"product_brand":[],"product_cat":[44],"product_tag":[],"class_list":{"0":"post-1838","1":"product","2":"type-product","3":"status-publish","4":"has-post-thumbnail","6":"product_cat-inmunologica","8":"first","9":"instock","10":"shipping-taxable","11":"purchasable","12":"product-type-simple"},"_links":{"self":[{"href":"https:\/\/new.nowdevenezuela.com\/index.php\/wp-json\/wp\/v2\/product\/1838","targetHints":{"allow":["GET"]}}],"collection":[{"href":"https:\/\/new.nowdevenezuela.com\/index.php\/wp-json\/wp\/v2\/product"}],"about":[{"href":"https:\/\/new.nowdevenezuela.com\/index.php\/wp-json\/wp\/v2\/types\/product"}],"replies":[{"embeddable":true,"href":"https:\/\/new.nowdevenezuela.com\/index.php\/wp-json\/wp\/v2\/comments?post=1838"}],"wp:featuredmedia":[{"embeddable":true,"href":"https:\/\/new.nowdevenezuela.com\/index.php\/wp-json\/wp\/v2\/media\/1006"}],"wp:attachment":[{"href":"https:\/\/new.nowdevenezuela.com\/index.php\/wp-json\/wp\/v2\/media?parent=1838"}],"wp:term":[{"taxonomy":"product_brand","embeddable":true,"href":"https:\/\/new.nowdevenezuela.com\/index.php\/wp-json\/wp\/v2\/product_brand?post=1838"},{"taxonomy":"product_cat","embeddable":true,"href":"https:\/\/new.nowdevenezuela.com\/index.php\/wp-json\/wp\/v2\/product_cat?post=1838"},{"taxonomy":"product_tag","embeddable":true,"href":"https:\/\/new.nowdevenezuela.com\/index.php\/wp-json\/wp\/v2\/product_tag?post=1838"}],"curies":[{"name":"wp","href":"https:\/\/api.w.org\/{rel}","templated":true}]}}