{"id":1831,"date":"2025-12-11T15:58:24","date_gmt":"2025-12-11T19:58:24","guid":{"rendered":"https:\/\/new.nowdevenezuela.com\/?post_type=product&#038;p=1831"},"modified":"2025-12-11T15:58:27","modified_gmt":"2025-12-11T19:58:27","slug":"espirulina-suplemento-dietetico-500-mg-100-tabletas","status":"publish","type":"product","link":"https:\/\/new.nowdevenezuela.com\/index.php\/product\/espirulina-suplemento-dietetico-500-mg-100-tabletas\/","title":{"rendered":"Espirulina (suplemento diet\u00e9tico) 500 mg 100 tabletas"},"content":{"rendered":"<p><strong>Presentaci\u00f3n:<\/strong><\/p>\n<p>&#8211;\u00a0 Envase de 100 tabletas de 500 mg.<\/p>\n<p style=\"text-align: left\"><strong>Modo de uso:<\/strong><\/p>\n<p>&#8211;\u00a0 Tomar 6 comprimidos al d\u00eda.<\/p>\n<p>&#8211;\u00a0 Conservar en un lugar fresco y seco una vez abierto.<\/p>\n<p><strong>Fecha de vencimiento:<\/strong><\/p>\n<p>&#8211;\u00a0 Este producto tiene una fecha de vencimiento de 12\/05\/2026<\/p>\n","protected":false},"excerpt":{"rendered":"<p>&#8216;-\u00a0 La espirulina es una microalga azul verdosa que tiene prote\u00ednas naturales adem\u00e1s de otros nutrientes como vitaminas, minerales y GLA (\u00e1cido gamma-linol\u00e9nico).<\/p>\n<p>&#8211;\u00a0 Contiene una peque\u00f1a cantidad de magnesio, un mineral que apoya las funciones diarias normales, como el uso de los m\u00fasculos y los latidos del coraz\u00f3n. Tambi\u00e9n proporciona peque\u00f1as cantidades de \u00e1cidos grasos omega-6 y omega-3.<\/p>\n<p>&#8211;\u00a0 NOW\u00ae Spirulina ofrece el perfil de nutrientes naturales que se encuentra en los alimentos integrales genuinos.<\/p>\n","protected":false},"featured_media":985,"comment_status":"open","ping_status":"closed","template":"","meta":[],"product_brand":[],"product_cat":[56],"product_tag":[],"class_list":{"0":"post-1831","1":"product","2":"type-product","3":"status-publish","4":"has-post-thumbnail","6":"product_cat-metabolica","8":"first","9":"instock","10":"shipping-taxable","11":"purchasable","12":"product-type-simple"},"_links":{"self":[{"href":"https:\/\/new.nowdevenezuela.com\/index.php\/wp-json\/wp\/v2\/product\/1831","targetHints":{"allow":["GET"]}}],"collection":[{"href":"https:\/\/new.nowdevenezuela.com\/index.php\/wp-json\/wp\/v2\/product"}],"about":[{"href":"https:\/\/new.nowdevenezuela.com\/index.php\/wp-json\/wp\/v2\/types\/product"}],"replies":[{"embeddable":true,"href":"https:\/\/new.nowdevenezuela.com\/index.php\/wp-json\/wp\/v2\/comments?post=1831"}],"wp:featuredmedia":[{"embeddable":true,"href":"https:\/\/new.nowdevenezuela.com\/index.php\/wp-json\/wp\/v2\/media\/985"}],"wp:attachment":[{"href":"https:\/\/new.nowdevenezuela.com\/index.php\/wp-json\/wp\/v2\/media?parent=1831"}],"wp:term":[{"taxonomy":"product_brand","embeddable":true,"href":"https:\/\/new.nowdevenezuela.com\/index.php\/wp-json\/wp\/v2\/product_brand?post=1831"},{"taxonomy":"product_cat","embeddable":true,"href":"https:\/\/new.nowdevenezuela.com\/index.php\/wp-json\/wp\/v2\/product_cat?post=1831"},{"taxonomy":"product_tag","embeddable":true,"href":"https:\/\/new.nowdevenezuela.com\/index.php\/wp-json\/wp\/v2\/product_tag?post=1831"}],"curies":[{"name":"wp","href":"https:\/\/api.w.org\/{rel}","templated":true}]}}