{"id":1802,"date":"2025-12-11T15:58:13","date_gmt":"2025-12-11T19:58:13","guid":{"rendered":"https:\/\/new.nowdevenezuela.com\/?post_type=product&#038;p=1802"},"modified":"2025-12-11T15:58:17","modified_gmt":"2025-12-11T19:58:17","slug":"phosphatidyl-serine-100mg-60-capsulas-vegetales","status":"publish","type":"product","link":"https:\/\/new.nowdevenezuela.com\/index.php\/product\/phosphatidyl-serine-100mg-60-capsulas-vegetales\/","title":{"rendered":"Phosphatidyl Serine 100mg 60 capsulas vegetales"},"content":{"rendered":"<p><strong>Presentaci\u00f3n:<\/strong><\/p>\n<p>Envase de 60 capsulas vegetales de 100 mg.<\/p>\n<p><strong>Modo de uso:<\/strong><\/p>\n<p>&#8211;\u00a0 Tome 1 c\u00e1psula de 1 a 3 veces al d\u00eda, preferiblemente con alimentos.<\/p>\n<p>&#8211;\u00a0 Conservar en un lugar fresco y seco una vez abierto.<\/p>\n","protected":false},"excerpt":{"rendered":"<p>&#8216;-\u00a0 NOW\u00ae Phosphatidyl Serine es un compuesto de fosfol\u00edpidos derivado de la Lecitina de soya, que juega un papel esencial en la composici\u00f3n de la membrana celular y la comunicaci\u00f3n intercelular.<\/p>\n<p>&#8211; La Serina es un componente estructural importante de las membranas neurales, donde ayuda a la conducci\u00f3n de impulsos el\u00e9ctricos y facilita la actividad de los neurotransmisores involucrados en el aprendizaje, la memoria y el estado de \u00e1nimo.<\/p>\n<p>&#8211;\u00a0 Estas propiedades hacen de NOW\u00ae Phosphatidyl Serine un suplemento ideal para apoyar la funci\u00f3n cognitiva.<\/p>\n","protected":false},"featured_media":897,"comment_status":"open","ping_status":"closed","template":"","meta":[],"product_brand":[],"product_cat":[77],"product_tag":[],"class_list":{"0":"post-1802","1":"product","2":"type-product","3":"status-publish","4":"has-post-thumbnail","6":"product_cat-salud-cerebral","8":"first","9":"instock","10":"shipping-taxable","11":"purchasable","12":"product-type-simple"},"_links":{"self":[{"href":"https:\/\/new.nowdevenezuela.com\/index.php\/wp-json\/wp\/v2\/product\/1802","targetHints":{"allow":["GET"]}}],"collection":[{"href":"https:\/\/new.nowdevenezuela.com\/index.php\/wp-json\/wp\/v2\/product"}],"about":[{"href":"https:\/\/new.nowdevenezuela.com\/index.php\/wp-json\/wp\/v2\/types\/product"}],"replies":[{"embeddable":true,"href":"https:\/\/new.nowdevenezuela.com\/index.php\/wp-json\/wp\/v2\/comments?post=1802"}],"wp:featuredmedia":[{"embeddable":true,"href":"https:\/\/new.nowdevenezuela.com\/index.php\/wp-json\/wp\/v2\/media\/897"}],"wp:attachment":[{"href":"https:\/\/new.nowdevenezuela.com\/index.php\/wp-json\/wp\/v2\/media?parent=1802"}],"wp:term":[{"taxonomy":"product_brand","embeddable":true,"href":"https:\/\/new.nowdevenezuela.com\/index.php\/wp-json\/wp\/v2\/product_brand?post=1802"},{"taxonomy":"product_cat","embeddable":true,"href":"https:\/\/new.nowdevenezuela.com\/index.php\/wp-json\/wp\/v2\/product_cat?post=1802"},{"taxonomy":"product_tag","embeddable":true,"href":"https:\/\/new.nowdevenezuela.com\/index.php\/wp-json\/wp\/v2\/product_tag?post=1802"}],"curies":[{"name":"wp","href":"https:\/\/api.w.org\/{rel}","templated":true}]}}