{"id":1794,"date":"2025-12-11T15:58:06","date_gmt":"2025-12-11T19:58:06","guid":{"rendered":"https:\/\/new.nowdevenezuela.com\/?post_type=product&#038;p=1794"},"modified":"2025-12-11T15:58:12","modified_gmt":"2025-12-11T19:58:12","slug":"womens-probiotic-20-billion-50-capsulas-vegetales","status":"publish","type":"product","link":"https:\/\/new.nowdevenezuela.com\/index.php\/product\/womens-probiotic-20-billion-50-capsulas-vegetales\/","title":{"rendered":"Women&#8217;s Probiotic 20 Billion 50 c\u00e1psulas vegetales"},"content":{"rendered":"<p><strong>Presentaci\u00f3n:<\/strong><\/p>\n<p>&#8211;\u00a0 Envase de 50 capsulas vegetales.<\/p>\n<p><strong>Modo de uso:<\/strong><\/p>\n<p>&#8211;\u00a0 Tomar 1 c\u00e1psula al d\u00eda.<\/p>\n<p>&#8211;\u00a0 Refrigerar para mantener la potencia del producto.<\/p>\n","protected":false},"excerpt":{"rendered":"<p>&#8216;-\u00a0 NOW\u00ae Women&#8217;s Probiotic est\u00e1 formulado utilizando tres cepas probi\u00f3ticas cl\u00ednicamente probadas para apoyar la salud de las mujeres en cada etapa de la vida, apoyando la salud vaginal y reduciendo la hinchaz\u00f3n ocasional.<\/p>\n<p>&#8211;\u00a0 Este producto contiene L. rhamnosus HN001 y L. acidophilus, cepas que colonizan el tracto vaginal y ayudan a mantener un pH vaginal saludable. Tambi\u00e9n ayudan a respaldar la funci\u00f3n saludable del sistema inmunitario en mujeres de todas las edades, as\u00ed como embarazadas y lactantes cuando se toma por v\u00eda oral.<\/p>\n<p class=\"alert\" style=\"text-align: center\">\n","protected":false},"featured_media":873,"comment_status":"open","ping_status":"closed","template":"","meta":[],"product_brand":[],"product_cat":[78],"product_tag":[],"class_list":{"0":"post-1794","1":"product","2":"type-product","3":"status-publish","4":"has-post-thumbnail","6":"product_cat-salud-femenina","8":"first","9":"instock","10":"shipping-taxable","11":"purchasable","12":"product-type-simple"},"_links":{"self":[{"href":"https:\/\/new.nowdevenezuela.com\/index.php\/wp-json\/wp\/v2\/product\/1794","targetHints":{"allow":["GET"]}}],"collection":[{"href":"https:\/\/new.nowdevenezuela.com\/index.php\/wp-json\/wp\/v2\/product"}],"about":[{"href":"https:\/\/new.nowdevenezuela.com\/index.php\/wp-json\/wp\/v2\/types\/product"}],"replies":[{"embeddable":true,"href":"https:\/\/new.nowdevenezuela.com\/index.php\/wp-json\/wp\/v2\/comments?post=1794"}],"wp:featuredmedia":[{"embeddable":true,"href":"https:\/\/new.nowdevenezuela.com\/index.php\/wp-json\/wp\/v2\/media\/873"}],"wp:attachment":[{"href":"https:\/\/new.nowdevenezuela.com\/index.php\/wp-json\/wp\/v2\/media?parent=1794"}],"wp:term":[{"taxonomy":"product_brand","embeddable":true,"href":"https:\/\/new.nowdevenezuela.com\/index.php\/wp-json\/wp\/v2\/product_brand?post=1794"},{"taxonomy":"product_cat","embeddable":true,"href":"https:\/\/new.nowdevenezuela.com\/index.php\/wp-json\/wp\/v2\/product_cat?post=1794"},{"taxonomy":"product_tag","embeddable":true,"href":"https:\/\/new.nowdevenezuela.com\/index.php\/wp-json\/wp\/v2\/product_tag?post=1794"}],"curies":[{"name":"wp","href":"https:\/\/api.w.org\/{rel}","templated":true}]}}