{"id":1781,"date":"2025-12-11T15:58:05","date_gmt":"2025-12-11T19:58:05","guid":{"rendered":"https:\/\/new.nowdevenezuela.com\/?post_type=product&#038;p=1781"},"modified":"2025-12-11T15:58:09","modified_gmt":"2025-12-11T19:58:09","slug":"inositol-capsules-500mg-100-capsulas-vegetales","status":"publish","type":"product","link":"https:\/\/new.nowdevenezuela.com\/index.php\/product\/inositol-capsules-500mg-100-capsulas-vegetales\/","title":{"rendered":"Inositol Capsules 500mg 100 c\u00e1psulas vegetales"},"content":{"rendered":"<p style=\"text-align: left\"><strong>Presentaci\u00f3n:<\/strong><\/p>\n<p style=\"text-align: left\">&#8211;\u00a0 Envase de 100 capsulas vegetales de 500 mg.<\/p>\n<p style=\"text-align: left\"><strong>Modo de uso:<\/strong><\/p>\n<p style=\"text-align: left\"><span class=\"tlid-translation translation\" lang=\"es\"><span class=\"\" title=\"\">&#8211;\u00a0 Tome 1 c\u00e1psula 1 vez al d\u00eda. <\/span><\/span><\/p>\n<p style=\"text-align: left\"><span class=\"\" title=\"\">&#8211;\u00a0 Almacene en un lugar fresco y seco despu\u00e9s de abrir el envase.<\/span><\/p>\n","protected":false},"excerpt":{"rendered":"<p>&#8216;-\u00a0 El Inositol es un miembro no esencial de la familia del complejo B con fuentes diet\u00e9ticas de alimentos tanto animales como vegetales. Se encuentra en todas las membranas celulares, con las concentraciones m\u00e1s altas en el cerebro y el sistema nervioso central, donde juega un papel importante en la se\u00f1alizaci\u00f3n de los neurotransmisores.<\/p>\n<p>&#8211;\u00a0 El Inositol tambi\u00e9n es fundamental para la acci\u00f3n adecuada de la insulina, el metabolismo de los l\u00edpidos y para el mantenimiento del balance de calcio celular.<\/p>\n","protected":false},"featured_media":834,"comment_status":"open","ping_status":"closed","template":"","meta":[],"product_brand":[],"product_cat":[78],"product_tag":[66],"class_list":{"0":"post-1781","1":"product","2":"type-product","3":"status-publish","4":"has-post-thumbnail","6":"product_cat-salud-femenina","7":"product_tag-metabolismo-rendimiento","9":"first","10":"instock","11":"shipping-taxable","12":"purchasable","13":"product-type-simple"},"_links":{"self":[{"href":"https:\/\/new.nowdevenezuela.com\/index.php\/wp-json\/wp\/v2\/product\/1781","targetHints":{"allow":["GET"]}}],"collection":[{"href":"https:\/\/new.nowdevenezuela.com\/index.php\/wp-json\/wp\/v2\/product"}],"about":[{"href":"https:\/\/new.nowdevenezuela.com\/index.php\/wp-json\/wp\/v2\/types\/product"}],"replies":[{"embeddable":true,"href":"https:\/\/new.nowdevenezuela.com\/index.php\/wp-json\/wp\/v2\/comments?post=1781"}],"wp:featuredmedia":[{"embeddable":true,"href":"https:\/\/new.nowdevenezuela.com\/index.php\/wp-json\/wp\/v2\/media\/834"}],"wp:attachment":[{"href":"https:\/\/new.nowdevenezuela.com\/index.php\/wp-json\/wp\/v2\/media?parent=1781"}],"wp:term":[{"taxonomy":"product_brand","embeddable":true,"href":"https:\/\/new.nowdevenezuela.com\/index.php\/wp-json\/wp\/v2\/product_brand?post=1781"},{"taxonomy":"product_cat","embeddable":true,"href":"https:\/\/new.nowdevenezuela.com\/index.php\/wp-json\/wp\/v2\/product_cat?post=1781"},{"taxonomy":"product_tag","embeddable":true,"href":"https:\/\/new.nowdevenezuela.com\/index.php\/wp-json\/wp\/v2\/product_tag?post=1781"}],"curies":[{"name":"wp","href":"https:\/\/api.w.org\/{rel}","templated":true}]}}