{"id":1780,"date":"2025-12-11T15:58:05","date_gmt":"2025-12-11T19:58:05","guid":{"rendered":"https:\/\/new.nowdevenezuela.com\/?post_type=product&#038;p=1780"},"modified":"2025-12-11T15:58:09","modified_gmt":"2025-12-11T19:58:09","slug":"inulin-prebiotic-soporte-intestinal-polvo-puro-227-gr","status":"publish","type":"product","link":"https:\/\/new.nowdevenezuela.com\/index.php\/product\/inulin-prebiotic-soporte-intestinal-polvo-puro-227-gr\/","title":{"rendered":"Inulin Prebiotic (soporte intestinal) polvo puro 227 gr."},"content":{"rendered":"<p style=\"text-align: left\"><strong>Presentaci\u00f3n:<\/strong><\/p>\n<p style=\"text-align: left\">&#8211;\u00a0 Envase de 8 Oz. 227 grs.<\/p>\n<p style=\"text-align: left\"><strong>Modo de uso:<\/strong><\/p>\n<p style=\"text-align: left\"><span class=\"tlid-translation translation\" lang=\"es\"><span class=\"\" title=\"\">&#8211;\u00a0 Tome 1 cucharadita rasa de 1 a 3 veces al d\u00eda. Mezcle con su bebida o comida favorita. Comience con 1 cucharadita al d\u00eda y aumente lentamente la dosis para evitar las molestias gastrointestinales.<\/span><\/span><\/p>\n<p style=\"text-align: left\"><span class=\"\" title=\"\">&#8211;\u00a0 Almacene en un lugar fresco y seco despu\u00e9s de abrir el envase.<\/span><\/p>\n","protected":false},"excerpt":{"rendered":"<p>&#8216;-\u00a0 La inulina, un fructooligosac\u00e1rido (FOS), es una fibra prebi\u00f3tica soluble que es resistente a la digesti\u00f3n y llega al intestino grueso esencialmente intacta.<\/p>\n<p>&#8211;\u00a0 Las bacterias probi\u00f3ticas intestinales consumen inulina, por lo tanto, ayuda a mantener la salud y la funci\u00f3n intestinal.<\/p>\n<p>&#8211;\u00a0 La inulina tiene un sabor agradable que agrega un dulzor suave a los alimentos y bebidas, y tiene un \u00edndice gluc\u00e9mico muy bajo y no afectar\u00e1 negativamente los niveles de glucosa s\u00e9rica.<\/p>\n","protected":false},"featured_media":831,"comment_status":"open","ping_status":"closed","template":"","meta":[],"product_brand":[],"product_cat":[76],"product_tag":[66],"class_list":{"0":"post-1780","1":"product","2":"type-product","3":"status-publish","4":"has-post-thumbnail","6":"product_cat-salud-intestinal","7":"product_tag-metabolismo-rendimiento","9":"first","10":"instock","11":"shipping-taxable","12":"purchasable","13":"product-type-simple"},"_links":{"self":[{"href":"https:\/\/new.nowdevenezuela.com\/index.php\/wp-json\/wp\/v2\/product\/1780","targetHints":{"allow":["GET"]}}],"collection":[{"href":"https:\/\/new.nowdevenezuela.com\/index.php\/wp-json\/wp\/v2\/product"}],"about":[{"href":"https:\/\/new.nowdevenezuela.com\/index.php\/wp-json\/wp\/v2\/types\/product"}],"replies":[{"embeddable":true,"href":"https:\/\/new.nowdevenezuela.com\/index.php\/wp-json\/wp\/v2\/comments?post=1780"}],"wp:featuredmedia":[{"embeddable":true,"href":"https:\/\/new.nowdevenezuela.com\/index.php\/wp-json\/wp\/v2\/media\/831"}],"wp:attachment":[{"href":"https:\/\/new.nowdevenezuela.com\/index.php\/wp-json\/wp\/v2\/media?parent=1780"}],"wp:term":[{"taxonomy":"product_brand","embeddable":true,"href":"https:\/\/new.nowdevenezuela.com\/index.php\/wp-json\/wp\/v2\/product_brand?post=1780"},{"taxonomy":"product_cat","embeddable":true,"href":"https:\/\/new.nowdevenezuela.com\/index.php\/wp-json\/wp\/v2\/product_cat?post=1780"},{"taxonomy":"product_tag","embeddable":true,"href":"https:\/\/new.nowdevenezuela.com\/index.php\/wp-json\/wp\/v2\/product_tag?post=1780"}],"curies":[{"name":"wp","href":"https:\/\/api.w.org\/{rel}","templated":true}]}}