{"id":1774,"date":"2025-12-11T15:58:04","date_gmt":"2025-12-11T19:58:04","guid":{"rendered":"https:\/\/new.nowdevenezuela.com\/?post_type=product&#038;p=1774"},"modified":"2025-12-11T15:58:08","modified_gmt":"2025-12-11T19:58:08","slug":"colageno-biocell-collagen-120-capsulas-vegetales","status":"publish","type":"product","link":"https:\/\/new.nowdevenezuela.com\/index.php\/product\/colageno-biocell-collagen-120-capsulas-vegetales\/","title":{"rendered":"Col\u00e1geno (Biocell Collagen) 120 c\u00e1psulas vegetales"},"content":{"rendered":"<p style=\"text-align: left\"><strong>Presentaci\u00f3n:<\/strong><\/p>\n<p style=\"text-align: left\">&#8211;\u00a0 Envase de 120 c\u00e1psulas.<\/p>\n<p style=\"text-align: left\"><strong>Modo de Uso:<\/strong><\/p>\n<p style=\"text-align: left\">&#8211;\u00a0 Tomar 2 c\u00e1psulas al d\u00eda con las comidas.<\/p>\n","protected":false},"excerpt":{"rendered":"<div class=\"text-wrap tlid-copy-target\">\n<p><span class=\"tlid-translation translation\" lang=\"es\"><span title=\"\">&#8211;\u00a0 BioCell Collagen\u00ae es un suplemento nutricional vers\u00e1til que apoya la salud de las articulaciones y la retenci\u00f3n de humedad en la piel madura. <\/span><\/span><\/p>\n<p><span class=\"tlid-translation translation\" lang=\"es\"><span title=\"\">&#8211;\u00a0 Este complejo patentado y predigerido del cart\u00edlago esternal del pollo tiene col\u00e1geno hidrolizado natural y otros elementos naturales de tejidos conectivos saludables, como la condroitina y el \u00e1cido hialur\u00f3nico.<\/span> <span title=\"\">\u00a0<\/span><\/span><\/p>\n<p><span class=\"tlid-translation translation\" lang=\"es\"><span title=\"\">&#8211;\u00a0 Puede promover una funci\u00f3n saludable de las articulaciones, creando un fuerte tejido conectivo mientras mantiene niveles normales de humedad en la piel envejecida.<\/p>\n<p><\/span><\/span><\/p>\n<\/div>\n<div class=\"tlid-result-transliteration-container result-transliteration-container transliteration-container\">\n<div class=\"tlid-transliteration-content transliteration-content full\"><\/div>\n<\/div>\n","protected":false},"featured_media":813,"comment_status":"open","ping_status":"closed","template":"","meta":[],"product_brand":[],"product_cat":[39],"product_tag":[],"class_list":{"0":"post-1774","1":"product","2":"type-product","3":"status-publish","4":"has-post-thumbnail","6":"product_cat-osteoarticular","8":"first","9":"instock","10":"shipping-taxable","11":"purchasable","12":"product-type-simple"},"_links":{"self":[{"href":"https:\/\/new.nowdevenezuela.com\/index.php\/wp-json\/wp\/v2\/product\/1774","targetHints":{"allow":["GET"]}}],"collection":[{"href":"https:\/\/new.nowdevenezuela.com\/index.php\/wp-json\/wp\/v2\/product"}],"about":[{"href":"https:\/\/new.nowdevenezuela.com\/index.php\/wp-json\/wp\/v2\/types\/product"}],"replies":[{"embeddable":true,"href":"https:\/\/new.nowdevenezuela.com\/index.php\/wp-json\/wp\/v2\/comments?post=1774"}],"wp:featuredmedia":[{"embeddable":true,"href":"https:\/\/new.nowdevenezuela.com\/index.php\/wp-json\/wp\/v2\/media\/813"}],"wp:attachment":[{"href":"https:\/\/new.nowdevenezuela.com\/index.php\/wp-json\/wp\/v2\/media?parent=1774"}],"wp:term":[{"taxonomy":"product_brand","embeddable":true,"href":"https:\/\/new.nowdevenezuela.com\/index.php\/wp-json\/wp\/v2\/product_brand?post=1774"},{"taxonomy":"product_cat","embeddable":true,"href":"https:\/\/new.nowdevenezuela.com\/index.php\/wp-json\/wp\/v2\/product_cat?post=1774"},{"taxonomy":"product_tag","embeddable":true,"href":"https:\/\/new.nowdevenezuela.com\/index.php\/wp-json\/wp\/v2\/product_tag?post=1774"}],"curies":[{"name":"wp","href":"https:\/\/api.w.org\/{rel}","templated":true}]}}